 first derivative of 0*f**2 + 1/3*f**3 + 8 + n*f. Determine x(0).
6
Let p(a) be the third derivative of 11*a**4/24 - a**3/6 - 9*a**2. Suppose -10*i = -8*i - 2. Calculate p(i).
10
Let p be (-13)/((-130)/(-36))*5. Let a = p - -15. Let j(b) = 2*b. Determine j(a).
-6
Let p be (-290)/(-80) + 10/(-16). Let v(x) = 5*x - 2 + x + 2*x. Calculate v(p).
22
Let s(b) be the first derivative of -b**3/3 + 3*b**2 + 34*b + 198. What is s(10)?
-6
Suppose 4*r = 2*k + 10, -2*r + 13 = 3*k - 4. Let c(o) = 8 - o + k*o - o - 4. What is c(0)?
4
Let j(k) be the second derivative of k**7/840 + 7*k**6/360 + k**5/30 - k**4/12 - k**3/3 + 10*k. Let w(g) be the second derivative of j(g). Determine w(-6).
10
Let l(p) = -9 + 4*p**2 - 4*p - p - 14*p**2 - 5*p + p**3. Let t be l(11). Let i(o) = o**2 - o + 1. Determine i(t).
3
Let t = -12 - -12. Suppose t*w = -4*j - 2*w + 4, -5*w + 10 = 4*j. Suppose j = -2*a + 6 + 6. Let o(f) = f**2 - 5*f. Calculate o(a).
6
Let i(t) = 0*t**2 + 6 - 2 + t**2 + 5*t. Suppose 18 = -2*y - y. Let b = y - -1. What is i(b)?
4
Let q(n) = -69*n - 48. Let i(w) = 0*w - 7 - 19*w + 9*w. Let r(t) = -27*i(t) + 4*q(t). Determine r(-2).
9
Let c(l) = -l - 1. Let y(i) = -i**2 + 5*i - 6. Let x = 59 + -60. Let r(t) = x*y(t) + 4*c(t). Determine r(9).
2
Let g(a) be the second derivative of -a**5/20 + a**4/2 - 5*a**3/6 - 2*a**2 + 27*a + 1. Give g(5).
-4
Suppose -2*y = 3*q + 1, -y + 4*q + 5 - 11 = 0. Let o(h) = 3*h**2 + 6*h + 6. Let d(m) = 6*m**2 + 11*m + 10. Let s(v) = -4*d(v) + 7*o(v). What is s(y)?
-6
Let b = 143 - 11. Let r(d) = 2*d**3 + 136*d + 4*d**2 + 2 - d**3 - b*d. Let f be r(-2). Let u(x) = 12*x - 3. Determine u(f).
21
Let h(s) = -s**3 + 2*s**2 + 9*s + 2. Let j be 4/(-8)*-6 + (5 - 1). Let q(n) = n**2 + 4*n + 1. Let a(o) = j*q(o) - 3*h(o). Calculate a(-1).
-2
Suppose 2*v = v + 4. Let p(q) = -13 + v*q + 14 - 2*q. Let i be p(1). Let x(o) = -2*o - 2. Give x(i).
-8
Let r(q) = 2*q + 2. Let v = 78 - 34. Let j = 42 - v. Give r(j).
-2
Let a(z) = 135 - 58 - 31*z - 78. Determine a(1).
-32
Let u(k) = k - 9. Let g(q) = 2*q - 6. Let j(x) = -4*x + 12. Let y(w) = 5*g(w) + 2*j(w). Let h be y(5). Determine u(h).
-5
Let d(b) be the first derivative of 3*b**2/2 + 2*b - 2. Suppose 1639*l - 18 = 1633*l. Determine d(l).
11
Let r(h) = -h - 4. Suppose -22 = -3*i + i + 4*n, -4*i - n = -35. Let k be ((-6)/i)/((-2)/(-30)). Let a = -16 - k. What is r(a)?
2
Let b(f) = f**3 + 6*f**2 - f - 5. Let c be (-2)/(-15) - (-828)/(-135). Let d be b(c). Let j(x) = -9*x + 1. Determine j(d).
-8
Let h(r) = -4*r**2 + 0*r + 7*r + 1 + 5*r - 8*r - 5*r. What is h(2)?
-17
Let x(r) be the second derivative of r**5/120 - r**4/24 - 7*r**3/3 - 8*r. Let g(i) be the second derivative of x(i). What is g(1)?
0
Let g be (-9)/(504/(-208)) + (-2)/(-7). Let w(t) = -t**3 + 4*t**2 + 3*t - 1. What is w(g)?
11
Let g(j) be the second derivative of -j**6/360 + j**5/20 - j**4/4 + 2*j**3/3 - 9*j. Let s(h) be the second derivative of g(h). What is s(4)?
2
Let b(r) = r - 9. Suppose -p - 2 = 3*h - 12, 4 = 3*h + 4*p. Suppose -5*s = -7*s + h. Let v be -3 + s + (4 - -2). Give b(v).
-4
Let p(w) be the third derivative of w**5/60 + w**4/6 - 4*w**2. Let n be (-2)/8 - 69/12. Calculate p(n).
12
Let f(j) be the third derivative of -j**5/30 + j**4/12 - j**3/6 + 65*j**2. What is f(3)?
-13
Let x(w) = -4*w**2 - w - 2. Let o(b) = -3*b**2 - b - 2. Let q(i) = 5*o(i) - 6*x(i). What is q(-2)?
36
Let x(p) = p**3 + 1. Let b(i) = 5*i**3 + 3*i**2 - 18*i - 1. Let v(s) = b(s) - 4*x(s). Let z be v(-6). Let y(l) = l + 2. Determine y(z).
-3
Let o = 79 - 74. Let a(i) = 12*i + 7 - i**3 - 5 - o*i**2 - 13*i. Give a(-4).
-10
Suppose -s - 15 = 2*s - 3*b, 5*b = -s - 5. Let n be s/(-5) + -11 + 3. Let m(k) = k + 8. Give m(n).
1
Let x(d) = d + 1. Let s(q) = -q - 4. Let g be s(-7). Suppose -h = g*h. What is x(h)?
1
Let o(i) be the second derivative of 2*i**3/3 - 7*i**2/2 - 196*i. Calculate o(1).
-3
Let c(u) = -17 + 6*u**2 - 16*u**2 - u - 1 + 9*u**2. Let m be 2 - 0 - (-2 - 0). Suppose -5 = 5*t, -2*r + m*t = -1 - 3. Determine c(r).
-18
Let f(x) = -2*x - 7. Let g(n) = 2*n + 7. Suppose 4*p + 30 = 9*p. Let z(c) = p*f(c) + 7*g(c). Determine z(-5).
-3
Suppose 2*h + 3 = -3*p, -14*p - 21 = 2*h - 17*p. Let w(o) = o**2 + 7*o. What is w(h)?
-6
Let d(n) = n**3 - 3*n**2 + 2*n - 3. Suppose -6*t + t = 0. Suppose t*m - 9 = -m. Let q = 11 - m. Calculate d(q).
-3
Let b(h) be the first derivative of -1/6*h**3 + 1 + 4*h + 0*h**2. Let y(d) be the first derivative of b(d). Determine y(4).
-4
Let h(q) = 479*q - 238*q - 5 - 242*q. Let n(i) = -i**3 - 7*i**2 - 6*i + 4. Let z be n(-6). Calculate h(z).
-9
Suppose -5*p = -5 - 10. Let n(j) = 160*j - 2*j**2 + 5 + 9*j**2 + 2*j**3 - j**p - 153*j. Calculate n(-6).
-1
Let o(c) = -6*c**3 + c. Suppose 0 = -z - 0*z. Let a = z + 1. What is o(a)?
-5
Let m(d) = d - d + 2*d + 17 + 4*d. What is m(-5)?
-13
Let h(o) = o**2 + 6*o + 4. Let p be h(-3). Let w(v) be the third derivative of 0*v + 3*v**2 + 0 + 1/2*v**3 + 1/24*v**4. Give w(p).
-2
Let s(x) = -3*x + 10. Let t(h) = -12*h + 42. Let v(l) = 9*s(l) - 2*t(l). Give v(4).
-6
Let j(o) be the second derivative of o**4/12 - 5*o**3/6 - 168*o. Give j(3).
-6
Suppose 3*r + 23 = -n - 0*r, -5*n = 4*r + 104. Let v = n - -30. Let h(a) = -a + 8. What is h(v)?
-2
Let u(h) = -h**3 + 12*h**2 + 11*h + 19. Let v(j) = -126*j - 113. Let l be v(-1). Give u(l).
-7
Let w(r) = 3*r**3 + 52*r**2 - 36*r - 6. Let i be w(-18). Let f(u) = u**3 + 6*u**2 - 3*u + 2. Give f(i).
20
Let o(f) = 9*f + 4*f**2 + 53854 - 53841 - 3*f**2. Calculate o(-10).
23
Let q be 1/1 + (14 - 15). Suppose q = 11*m - 48 - 18. Let n(d) = d**3 - 5*d**2 - 5*d - 7. Give n(m).
-1
Let s(c) = -5*c**2. Let a(t) = -t - 3. Let z be a(-2). Calculate s(z).
-5
Let f(x) = -x + 7. Suppose -5*r - 1 = -l + 4, 5*l + 3*r - 109 = 0. Let n be l/(-12)*(1 - 4). Suppose -2*y - 5 = 3*y + 5*v, -n*v = -y + 5. Give f(y).
7
Let s(b) = b**2 + 4*b + 2. Suppose x - 23 = o, -6*o = -5*x - 5*o + 123. Suppose x = -4*i + 9. Determine s(i).
2
Let u(z) = 9*z**2 - 2*z + 91. Let m(x) = -4*x**2 + x - 42. Let j(i) = 7*m(i) + 3*u(i). Give j(0).
-21
Let r be (2/(-4))/((-2)/4). Let p(b) be the third derivative of 0*b**4 + 0*b + 1/6*b**3 + 0 + 13*b**2 - 1/60*b**5. Give p(r).
0
Let o(p) = 11*p - 6. Let q(a) = 21*a - 13. Let h(n) = 11*o(n) - 6*q(n). Determine h(8).
-28
Let d(s) = 2*s**2 - 2*s - 6. Suppose 0 = 13*i - 40 + 92. What is d(i)?
34
Let z(t) be the third derivative of t**4/12 - t**3/6 - t**2. Let o = -24299 + 24293. What is z(o)?
-13
Let d(w) be the second derivative of -w**5/20 + w**2 + 30*w + 3. Calculate d(2).
-6
Let u = -73 - -75. Suppose 0 = -u*f - 0 - 8. Let p(q) = 5 + 2*q + 2*q + 5*q**2 + q + q**3. Give p(f).
1
Let z = -10 + 18. Suppose 0 = 3*f + z - 2. Let x(t) = t**3 - 3892 + 2*t + 1945 + 1948 + t**2. Determine x(f).
-7
Let g(q) = 5*q**3 - 4*q**2 + q - 1. Let b(a) = 11*a**3 - 9*a**2 + 2*a - 3. Let z(d) = -3*b(d) + 7*g(d). What is z(-2)?
-20
Let f(j) = -j**3 + 17*j**2 - 31*j + 14. Let z be f(15). Let t(c) = -13*c**2 + 3*c. Calculate t(z).
-16
Suppose 17 - 14 = -3*p. Let s(z) be the third derivative of -1/20*z**5 - 1/6*z**3 - z**2 + 0*z + 0*z**4 + 0. What is s(p)?
-4
Let y(f) = -f**3 + 3*f**2 + 5*f - 5. Let k(r) = r**2 + 9*r - 1. Let x be k(-9). Let i be (x - -7)/(-4 + 2). Let n be (i - 14/(-4))*8. Give y(n).
-1
Suppose 0 = -3*c - 2*v, -3*c - 3 + 0 = 3*v. Let n(w) = -46*w**2 - 1 + 29*w**c + 24*w**2. Calculate n(-1).
6
Suppose 7*x - 3*x - l - 10 = 0, -x - 9 = -6*l. Let u(g) be the first derivative of 7/3*g**3 + 0*g**2 - 6 - 1/4*g**4 + x*g. Give u(7).
3
Let k(f) be the third derivative of -1/3*f**3 - 3*f**2 + 0 - 1/120*f**6 + 17*f + 0*f**4 - 1/60*f**5. Give k(-2).
2
Let y(g) be the third derivative of 5*g**2 + 0 + 1/24*g**4 + 0*g + 1/6*g**3. Determine y(-4).
-3
Let z(i) = i**3 + 6*i**2 + 4*i - 3. Suppose -5*o = -2*q + 10, 3*o - 2*o = -2*q - 14. Determine z(q).
2
Let x(i) = 4*i**2 + 5*i - 4. Let l(f) = 3*f**2 + 4*f - 4. Let c(u) = -3*l(u) + 2*x(u). Calculate c(2).
-4
Let a(i) = -i**3 - 3*i**2 + 5*i + 6. Suppose -3*h = -3*f + 57, 0 = -0*f - f - 4. Let u = -27 - h. Determine a(u).
2
Let o(h) = -55 - 16*h + 2*h - 3*h - 48 + 101. What is o(1)?
-19
Let t(k) = -90 - 92 + 172 + 4*k - 2*k. Give t(-12).
-34
Let b(a) = a - 6. Let g(i) = i**3 + 8*i**2 + 2*i - 30. Let x be g(-7). Give b(x).
-1
Let h(x) = 4*x**2 + 6*x 